s**5/20 - s**4/4 - s**3/3 + s**2 - 5. Let r(j) be the second derivative of o(j). Is r(-5) a prime number?
False
Let i(b) = -b + 3. Let f be i(8). Let w(v) = -34*v + 6. Let h be w(f). Suppose a - h + 49 = 0. Is a a prime number?
True
Is 2/5 + (-5 - (-227598)/5) composite?
True
Suppose 3*b - 16 = -b. Suppose 1 + b = -5*j. Is 847/(-22)*(-1 + j) a prime number?
False
Let v(i) = 9*i**2 - 4*i - 1. Let m be v(-10). Suppose -4*n - m = -5*n - 3*g, 0 = 4*n + 4*g - 3764. Suppose -88 + n = 4*z - 5*a, 3*a - 627 = -3*z. Is z prime?
True
Let z = -5 - -12. Suppose 0 = 4*t + z + 5. Is ((-6)/t + -57)/(-1) prime?
False
Let m be -1*1*22/(-2). Let d = 16 - m. Is 1/d - 8316/(-45) prime?
False
Let a(f) = 828*f + 813. Is a(11) a composite number?
True
Let s(o) = 8*o**2 - 1. Suppose -5*k + k = 8, -5*c - 4*k = 28. Is s(c) composite?
False
Let z(n) = 2*n**2 + 18*n - 4. Let c be z(-16). Suppose 5*j - 4*v - 1624 = 0, j - 3*v = c + 107. Suppose j + 46 = 2*f. Is f a prime number?
False
Let j be 0/(3 + (-20)/5). Suppose 3*p + 0*p - 498 = j. Is p a prime number?
False
Let d = 20 + -23. Let q = 3 + -1. Is 110/(q - (3 + d)) a composite number?
True
Let a(q) = 20*q - 117. Let o be a(6). Suppose -4*m = 165 - 1921. Suppose 0*v + m = v + 4*h, -5*v + o*h + 2149 = 0. Is v a prime number?
True
Is 476 + 2 - -1*2/2 a composite number?
False
Suppose 4 = s + 1. Suppose -3*k - 69 = -n - s, 5*k - 10 = 0. Let t = 146 - n. Is t composite?
True
Let h be ((-20)/(-6))/(4/6). Suppose x + 3*x - 283 = -5*u, h*x + 210 = 4*u. Is 835/u + 4/(-22) a prime number?
False
Suppose 7*l + 23 = 58. Suppose -l*m = -2*v - 16357, 4*m + 0*m - 13085 = v. Is m a composite number?
False
Let i(d) = 125*d + 2. Let q = -22 - 8. Let f be 2/(-3) - q/18. Is i(f) prime?
True
Let m(c) = -12*c + 3. Let n(q) = -q**2 - 11*q - 4. Let o(l) = l**3 - 5*l**2 + l + 1. Let h be o(4). Let d be n(h). Is m(d) prime?
False
Let a(f) = f**3 + 5*f**2 + 4*f + 6. Let u be a(-4). Suppose 2*m - u*m = -3328. Suppose -4*k - p + m = 3*p, -k + p = -198. Is k a prime number?
False
Let t(a) = -a**3 + 6*a**2 + 6*a + 7. Let s be t(7). Suppose s*z = -z - 4. Is (18/9)/(z/(-134)) prime?
True
Suppose -116*a + 104*a + 653124 = 0. Is a composite?
True
Let m(y) = -y**3 + 4*y**2 + 8*y - 7. Let h be m(5). Let a be (30/(-20))/((-6)/h). Suppose a*k + k = 237. Is k a composite number?
False
Let i = -23 + 7. Let h = -14 - i. Is (11*15 + 1)/h a prime number?
True
Suppose 5*x + 4*v - 23637 = 0, -3*x - 4*v = -3369 - 10810. Is x prime?
True
Let u = -80942 - -117241. Is u a composite number?
False
Suppose -27*s = -35*s + 34456. Is s composite?
True
Suppose 4*a = c - 2821, -2722 - 5774 = -3*c + a. Is c prime?
True
Let f(k) = -k**3 + k**2 - 1. Let y = 14 + -15. Let x be f(y). Is (-4 - -3)/(x/(-21)) prime?
False
Suppose 2196 = 5*o + 3*b, -2*o + 442 = b - 436. Let v be (o/9)/(1/3). Let j = 15 + v. Is j composite?
True
Suppose 21*a + 12621 - 2583 = 0. Let x(y) = 184*y - 1. Let n be x(-4). Let d = a - n. Is d a prime number?
False
Let k(n) = 1309*n**2 - 8*n + 1. Is k(-4) a prime number?
False
Let b(q) = q**3 - 11*q + 15. Let c = -1 + 11. Is b(c) composite?
True
Let l = 3189 - -1914. Suppose -s = 4*m - 4096, 5*m + 4*s = 7*s + l. Suppose 0 = -d + 4*d - m. Is d composite?
True
Suppose l + 4*m + 4 = 0, 1 = -0*m - m. Suppose -12 = -3*u - l*u. Is u*2*452/32 a composite number?
False
Let i(j) = -j**2 + 7*j - 2. Let u(b) = -b**2 + 8*b - 3. Let x(d) = -3*i(d) + 2*u(d). Let c be x(4). Let h(y) = -17*y + 1. Is h(c) composite?
True
Let g(w) = 5*w**3 + 4*w**2 + 6*w. Let j(h) = 11*h**3 + 9*h**2 + 11*h - 1. Let d(f) = -9*g(f) + 4*j(f). Is d(-7) a prime number?
True
Let v(w) = -w**2 + w + 156. Let o be v(0). Let l = o + -103. Suppose -10 = -p + 2*u + l, p + 5*u - 77 = 0. Is p composite?
False
Let d = 13 + -13. Let z = -34 - -19. Is 283 - z - (0 + d) a prime number?
False
Let h(d) = 3252*d**2 + d. Is h(-1) a composite number?
False
Suppose 5*o + 28 = -3*c + 4*c, 0 = 2*c + 2*o + 4. Suppose -2*v + 9600 = 2*v. Suppose -c*h = 5*q - 3220, -4*h - 479 = 3*q - v. Is q prime?
True
Let v(z) = -z**2 - 2*z + 18. Let p be v(0). Let d = 239 - p. Is d prime?
False
Is (1 + 3/2)*5132/2 prime?
False
Let z be 3*(4 + -3) + 143. Let h = -143 - -86. Let r = h + z. Is r a composite number?
False
Suppose 4*z = u + 71 + 5, 4*z = -3*u + 60. Let p = z + -15. Is (p - -1)/(-4)*-19 prime?
True
Let o = -3260 - -8487. Is o a prime number?
True
Suppose -7*n + 21 = -0*n. Suppose n*u - u - 1574 = 0. Is u a composite number?
False
Suppose 0 = 2*a + 9*a - 529595. Is a prime?
False
Let h(s) = -s**3 + 5*s**2 + 3*s - 7. Let m be h(5). Is 1882/m - (-1)/(-4) composite?
True
Suppose -11*x = -7*x - 24. Is ((-2)/x)/((-3)/4527) composite?
False
Let c be 6*(4/(-6))/(12/(-18)). Suppose 0 = 3*s + p - c*p - 5331, 0 = -4*s - 5*p + 7108. Is s prime?
True
Suppose -s + 0 - 1 = 0. Suppose 1102*t - 1093*t = 7974. Is t - s - (10 - 10) prime?
True
Let d(s) = -1266*s + 449. Is d(-7) composite?
False
Suppose 12 = 11*o - 8*o. Is (-125530)/(-110) + o/(-22) composite?
True
Let u(z) = 35*z + 6. Let q be u(4). Suppose 0*b - 4 = -4*b. Is b*q - (-9 - -9) a prime number?
False
Is 4839/(-2)*(-31)/((-651)/(-238)) composite?
True
Let g(a) = -a**3 + 2*a**2 + 2*a + 5. Let i be g(0). Is 2/i + (-41030)/(-50) composite?
False
Let u(l) = -l**3 - 9*l**2 - l - 6. Suppose 3*r + 33 = -2*k, 0 = -k + 5*r - 0*r + 16. Let m be u(k). Suppose 150 = m*n + 57. Is n prime?
True
Let c(r) = 7*r**3 - 5*r**2 + 101*r + 4. Is c(7) composite?
True
Let v = -159 - -87. Is (-1)/(-6) + (-14820)/v prime?
False
Suppose 2*g + 0*g - 8 = 0, 2*t = -2*g + 8480. Suppose -5*i + l = 792 - t, -2064 = -3*i + 3*l. Is i composite?
True
Suppose 23 - 39 = -r. Is -26*4/r*-2 prime?
True
Suppose 5*l = 13634 - 3009. Let y = 5664 - l. Suppose -3*c + 2129 = 3*j - 5*c, -c - y = -5*j. Is j a prime number?
False
Suppose 2*w + 2*n = 100540 - 37330, 0 = 2*w - n - 63198. Is w prime?
True
Suppose -3*a = 43 - 4. Let l(r) = 4*r**2 + 11*r - 16. Is l(a) prime?
False
Let q = 2 + -5. Let s be (q - 3 - -1)*1. Is 3 - s*(2 + 20) prime?
True
Suppose -216*a = -3*u - 214*a + 34979, -3*u = -5*a - 34991. Is u composite?
False
Let g(p) = p**3 + 4*p**2 + 4*p - 3. Let v be g(-5). Let i be v/(-26) - (-22)/143. Is 1396 + i/4*2 a composite number?
True
Suppose -3*d + 5*d = 6. Suppose 386 = 3*y - 4*p + d*p, 2*y - 279 = 5*p. Is y prime?
True
Suppose 2*f = i, 6*f = -5*i + 3*f. Let n = 4 + i. Suppose 1315 = v + n*v. Is v prime?
True
Let u = 245 + -110. Let o = u - 52. Suppose 2*i - 51 = o. Is i a prime number?
True
Suppose 2*c = -2*w + 6*w - 2646, -5*w + 3*c = -3310. Is w composite?
False
Let y(j) = 156*j**2 + 28*j + 115. Is y(-6) a composite number?
False
Let t(s) = s**3 - 14*s**2 - s + 11. Let u(p) = -p**2 + 10*p - 9. Let j be u(4). Is t(j) prime?
False
Let k(v) = -v**3 - 46*v**2 - 8*v - 148. Is k(-47) composite?
False
Let w be (64/(-12))/(2/(-42)). Suppose 5*z + w = 377. Is z composite?
False
Let w(q) = 5*q**3 - q**2 - 3*q - 33. Is w(6) composite?
True
Let x = 164748 - 113741. Is x a prime number?
False
Let w = -585 + 784. Is w composite?
False
Let b = -13176 - -51437. Is b a prime number?
True
Let x(v) = 3*v**2 - v + 740. Let a be x(0). Suppose -1157 = -y + 5*g, -4291 = -3*y - 5*g - a. Is y prime?
False
Is -3*((-1290846)/(-54))/((-1)/3) a prime number?
True
Suppose -8*f - 197971 = -13*f + 4*j, f - 39598 = -3*j. Is f prime?
False
Let k = -682 - -1216. Let w = k - 157. Is w prime?
False
Suppose -121*o = -123*o + 17438. Is o composite?
False
Let a = -3581 - -5439. Is a a prime number?
False
Let b = 91 + 129. Suppose 0 = k + p - b, 5*p + 3 = -12. Is k composite?
False
Is (-2743730)/(-42) + (-330)/(-3465) prime?
True
Let d(q) = 12*q - 15 - q**3 - 3*q + 3*q**3 + 27*q**2 - q. Let j(u) = -u**3 - 13*u**2 - 4*u + 7. Let h(g) = -2*d(g) - 5*j(g). Is h(-7) a composite number?
False
Suppose 3*j - 37744 = -h, -5*j = -6*j + 2*h + 12579. Is j prime?
False
Is 5/(6*10/13740) a composite number?
True
Suppose 0*r + 2*r = 3*m, -4*m = -8. Suppose h - 4*w = 145, r*h + 4*w - 640 = -h. Is h prime?
True
Suppose 0 = 10*p + 2*p - 91380. Is p prime?
False
Let g(y) be the third derivative of 7*y**6/30 - y**5/60 - y**4/8 - y**3/6 + 7*y**2. Is g(3) composite?
True
Suppose 9772 = -316*z + 320*z. Is z a composite number?
True
Let s = -89 + 178. Let r = s + -234. Is (-1)